16
Let b = 30 + -51. Let k = b + 61. Let a be (71 + (7 - 3))/((-4)/(-112)*21). What is the greatest common factor of a and k?
20
Suppose -2*c = -3*c + 195. Suppose 0 = 2217*y - 2186*y - 1860. What is the highest common factor of c and y?
15
Let i = -302 - -380. Let k = i - 57. Calculate the greatest common divisor of 147 and k.
21
Let k(o) = 6*o + 37. Let p be k(14). Suppose -p = 23*q - 34*q. What is the greatest common divisor of q and 77?
11
Suppose 1492 = 5*v + 1422. Let b(p) = 3*p**2 + 4*p - 2. Let o be b(4). Let x = o - v. Calculate the greatest common divisor of 24 and x.
24
Suppose 0 = 15*c - 28 - 557. Suppose -4*i = 11 - c. Suppose 0 = -j - 5*h + 55, -2*h = -i*j + 3*j + 220. Calculate the greatest common divisor of j and 5.
5
Suppose 3*x - 5*x = -212. Let v = -45 + x. Calculate the greatest common factor of 427 and v.
61
Let b = -3370 - -4385. Calculate the greatest common factor of 35 and b.
35
Let x(a) = -10*a**2 - 12*a - 13. Let v be x(-6). Let n = -280 - v. Calculate the highest common divisor of n and 28.
7
Suppose 6*w + 696 = 2*w. Let i = w + 261. Let l be (-1 + 1)/(-4) + 29. Calculate the highest common divisor of l and i.
29
Let u = 18 + -12. Let d be (u - 4)/(2*-3)*-9. Suppose -4*z + z = -d, 116 = 5*i - 4*z. What is the greatest common factor of 3 and i?
3
Suppose g - 147 = -5*h, -408*h + 5*g - 75 = -411*h. Calculate the highest common divisor of 2650 and h.
10
Let y be ((-1)/(6/(-8)))/(4/168). What is the greatest common factor of 64 and y?
8
Suppose -434 - 316 = -3*j. Suppose 34*a = 17*a - 34*a + 1275. Calculate the greatest common divisor of j and a.
25
Suppose -3*g = -4*x - 5418, 0 = -g - 6*x + 9*x + 1816. What is the greatest common divisor of g and 186?
62
Let b(x) = 8*x - 211. Let v be b(28). Let j = 3250 - 2197. What is the greatest common divisor of v and j?
13
Let g be -48 - -1 - (19 - 18). Let n be (-9 - 0)*g/216. Suppose 5*x = 4*i + 239, n*i + 196 = -0*x + 4*x. What is the highest common factor of x and 34?
17
Let b(q) = -4*q**3 - 3*q**2 + q. Let z be b(-3). Let g = 85 - z. What is the greatest common factor of g and 1?
1
Let r be -3 - (-15)/2*2. Let v(w) = w**2 - 18*w - 112. Let d be v(23). Calculate the greatest common factor of r and d.
3
Suppose 20 = 10*o - 20. Let v = 10 - o. Let l be ((80/(-3))/4)/(v/(-54)). Calculate the greatest common factor of 45 and l.
15
Suppose -2*k + 614 = 2*k + 5*o, -5*k + 774 = 3*o. Suppose 3*i = 19*i - 3328. Calculate the greatest common factor of i and k.
52
Let y(j) = -j**3 + 8*j**2 + 5*j + 2. Let b be y(6). Let a = 8073 - 7995. Calculate the greatest common factor of b and a.
26
Let i(o) = -3*o + 7. Let x be i(-6). Let s(r) = -129*r - 3716. Let n be s(-29). What is the highest common factor of n and x?
25
Let x be (-45)/((-3)/(53 + 1)). Calculate the highest common factor of 40 and x.
10
Let d = 26 + -25. Let y = 5 + d. Let o be 17 - -2*((-15)/y - -4). What is the highest common factor of 12 and o?
4
Let l(d) = 8*d + d**2 - 27 + 0*d**2 + 42. Let y be l(-9). Suppose 3*a - 55 = 5*m + y, -58 = -2*a - 2*m. Calculate the greatest common divisor of 14 and a.
14
Let l(o) = 5*o**3 + o**2 - 25*o + 47. Let g be l(3). What is the greatest common divisor of 1972 and g?
116
Let m = -19066 - -24538. Calculate the greatest common divisor of m and 114.
114
Let m = -218 - -370. Let g = 158 - m. Calculate the greatest common divisor of 78 and g.
6
Suppose 0 = -149*b + 151*b + 3*o - 19, 0 = 2*b - 3*o - 13. Calculate the highest common divisor of b and 1016.
8
Suppose -30*q = 48*q + 6*q - 3108. What is the highest common divisor of 9065 and q?
37
Suppose 0 = -4*r - 20, 4*r = 3*n - 7*n - 44. Let g be n + (2 - -64) - 4. Calculate the highest common factor of 70 and g.
14
Suppose -3*h - 2*h = 3*h. Suppose h = 6*x - 840 - 0. Calculate the highest common factor of x and 56.
28
Let n be (-6 - (-9720)/(-12))/((-6)/9). Calculate the highest common divisor of n and 96.
24
Let d(y) = -1026*y + 3089. Let v be d(3). Calculate the highest common factor of v and 17743.
11
Suppose 111*q - 27247 = 30918 - 9325. What is the highest common factor of 132 and q?
44
Let u be (-665)/(-21)*(-102)/(-17). What is the highest common divisor of u and 890?
10
Let i be (0 + -496 - -2)/(-2). Let f(l) = -18*l - 154. Let o be f(-10). Calculate the greatest common factor of o and i.
13
Let i(g) = -42*g - 189. Let l(y) = 22*y + 94. Let j(f) = -2*i(f) - 5*l(f). Let t be j(-6). Calculate the greatest common divisor of 320 and t.
64
Let y = 6697 - 5949. What is the greatest common factor of y and 187?
187
Suppose 0 = -r + 27 - 25. Let l be 24*(30/9)/r. What is the highest common divisor of l and 70?
10
Let b be (11 + 1359)/10 - (-2)/(-1). What is the highest common factor of 2295 and b?
135
Let n(s) = s**2 - 7. Let w be n(-3). Let z be 45 - (w + (-2 - -2)). Let m = 19 + 110. Calculate the highest common divisor of z and m.
43
Let q be (-701)/((-5)/(6 - -4)). Suppose 10 = -5*h, 5*z + 6*h - 7*h - q = 0. What is the highest common divisor of 112 and z?
56
Suppose 0 = -l - 2*l - 9, 0 = 3*h - 3*l - 24. Suppose -2*w = o - 82, -11*o + 6*o - 220 = -h*w. Calculate the highest common factor of w and 66.
6
Let r = -47494 + 48846. What is the highest common divisor of 288 and r?
8
Suppose 5*n - 3 = 4*n. Suppose 56 = -n*u + 146. Let g(w) = -w**3 + 21*w**2 - 65*w - 2. Let q be g(4). Calculate the highest common factor of q and u.
10
Suppose 168*w - 192*w = -37536. Calculate the highest common factor of 68 and w.
68
Let w be 464/8 - 5/1. Let a = w - 26. Calculate the greatest common divisor of 243 and a.
27
Suppose 0 = -73*h + 68*h - 15, -2*z + 4*h + 420 = 0. What is the greatest common factor of 4794 and z?
102
Let n = 493 + -480. Let d = -98 + 228. Suppose 0 = 5*j - 3*j - d. Calculate the highest common factor of j and n.
13
Let i(h) = -3*h**3 - 6*h**2 + 6*h. Let v be i(-5). Suppose 9*s = s + 312. Calculate the greatest common factor of v and s.
39
Let j = -56 + 47. Let o be (j/(-6))/((-21)/(-56)). Suppose -31 = o*x - 39. What is the greatest common factor of 2 and x?
2
Let y = -11432 + 17998. What is the greatest common factor of 134 and y?
134
Suppose -10*q + 3240 + 86400 = 0. Calculate the highest common divisor of q and 9.
9
Let s be 6 - (4 - 164/12)/(4/360). What is the greatest common divisor of s and 72?
12
Let o(m) = -2*m**2 - 4*m - 20. Let b be o(-10). Let f = b + 334. Calculate the greatest common divisor of 14 and f.
14
Suppose 761*k - 759*k = 8. Suppose -v + 0*v - 47 = -j, -k*j + 170 = 5*v. Calculate the greatest common factor of 165 and j.
15
Let h(j) = j**3 + 14*j**2 - 9*j + 2. Let w be h(-13). Calculate the highest common factor of w and 32.
32
Suppose 34*n - 39*n + 6160 = -29965. What is the greatest common factor of n and 125?
25
Let i(y) = -25*y - 12. Let s be i(1). Let u be 111/s + 330/2. What is the greatest common divisor of u and 72?
18
Let k(h) = h**2 - 12*h + 39. Suppose 7 + 11 = 2*q. Let g be k(q). Let m(j) = 26*j**2 - j + 2. Let r be m(-2). What is the greatest common factor of r and g?
12
Let l(s) = -4*s - 11. Let b be l(11). Let f = b + 139. What is the highest common factor of 126 and f?
42
Let t(r) = -56*r + 1617. Let w be t(17). Calculate the highest common factor of w and 245.
35
Suppose l - 193 = -3*j, -9*j - 67 = -121. What is the greatest common factor of l and 280?
35
Suppose -92 = -5*j + 4*z + 26, -2*j + 3*z + 43 = 0. Suppose 2*b - 2*h - 441 = 137, 4*h - 1132 = -4*b. What is the greatest common divisor of j and b?
26
Suppose -194*j + 19474 = -144*j + 624. What is the greatest common divisor of 104 and j?
13
Let d be ((-4578)/56)/(3/(-1032)). What is the greatest common factor of d and 516?
258
Let t be (-2*(-6)/8)/(((-2670)/47040)/(-89)). What is the greatest common divisor of 48 and t?
48
Let u be -3*(616/(-21) + 6). Let i = -28 + 98. What is the greatest common factor of i and u?
70
Let i = -533 + 553. Let g be 1 - 1*115/i*-4. What is the greatest common factor of 156 and g?
12
Let i(x) = x**2 + 8*x - 62. Suppose 5*a - 9*a - 56 = 0. Let m be i(a). Calculate the highest common divisor of m and 275.
11
Let p be 1*-3 + 13 + -11. Let c be -2 + 5 - -20 - p. Let z be 780/c - (-2)/(-4). What is the greatest common factor of z and 8?
8
Let s(b) = b**3 + 12*b**2 - 111*b - 785. Let p be s(-15). Calculate the highe